. Calculate the remainder when h is divided by 13.
10
Let u(g) = -73*g + 5219. Calculate the remainder when 318 is divided by u(71).
30
Let u(r) = -r**3 + 4*r**2 - 5*r + 4. Let b = 4 + -2. Let q be u(b). Suppose -q*s + 18 = -106. What is the remainder when s is divided by 21?
20
Let b(m) = -460*m - 637. Calculate the remainder when b(-6) is divided by 47.
8
Suppose 4*z + 257 = 3*n, 4*z - n + 256 = 3*n. Suppose 7*o + d - 407 = 2*o, -4*o = -2*d - 320. Let f = o + z. What is the remainder when 125 is divided by f?
13
Let d = 6549 - 5934. What is the remainder when d is divided by 98?
27
Suppose 712*k = 716*k - 5512. Let c = k + -1138. Calculate the remainder when c is divided by 400/18 - 2/9.
20
Let p(m) = 11333*m - 260497. Suppose -3*z - 4*g + 31 = 0, 0*g + g + 28 = 2*z. Calculate the remainder when p(23) is divided by z.
6
Let i(h) = -h**3 + 4*h**2 + 5*h - 6. Suppose -13*z + 713 = -1809. Calculate the remainder when z is divided by i(4).
12
Let u(h) = -2*h**3 + 11*h**2 + 11*h - 13. Let x be u(6). Suppose 364 = x*p - 10*p. Let s(c) = -4*c - 1. Calculate the remainder when p is divided by s(-7).
25
Let a = 29691 - 28978. Calculate the remainder when a is divided by 236.
5
Suppose 0 = 707*r - 698*r - 2574. What is the remainder when r is divided by 13?
0
Suppose -2*a = 2*r - 6, -20*r + 6 = -21*r + 2*a. Suppose 4*d - 612 + 244 = r. Calculate the remainder when d is divided by 16.
12
Suppose -8 = -v + 166. Let s be (-304)/(-1)*(-18)/(-36). Suppose -5*z + s - 27 = 0. What is the remainder when v is divided by z?
24
Let o = -3 - -7. Suppose o*t - 97 = 107. What is the remainder when (-902)/(-9) + 2/(-9) is divided by t?
49
Let v be (264/(-110))/((-6)/(-200)). Let x = 93 + v. What is the remainder when x is divided by 3?
1
Suppose 0 = -3*p + 2*x + 845, -19*p - 3*x = -18*p - 289. Calculate the remainder when p is divided by 30.
13
Calculate the remainder when 344 is divided by (-18)/(-66) + 2240/55.
16
What is the remainder when 5985/16 + ((-7871)/(-272) - 29) is divided by 21?
17
Suppose 8 - 14 = 3*b. Let c = 11 + b. Suppose 2*s + 14 = 84. What is the remainder when s is divided by c?
8
Let x(v) = -2*v**2 + 7*v + 7. Let a be x(4). Suppose 5*r - 3*q = 57, r = 4*r + a*q - 39. What is the remainder when 20 is divided by r?
8
What is the remainder when 3/(19852/1323 + -15) is divided by 224?
119
Suppose -k + 308 = -326. Suppose -w - 556 = 4*c - 593, 4*w = -2*c + 204. Calculate the remainder when k is divided by w.
51
Suppose -30*b + 19*b = -1914. What is the remainder when 287 is divided by (b/12)/((-2)/(-4))?
26
Suppose -249 = -3*l - 3*h, 3*h + 49 = -2*l + 217. Let y = 34 + l. Calculate the remainder when y is divided by 10.
5
Let y = 951 - 428. What is the remainder when y is divided by 5?
3
Let j = 3708 + 1007. What is the remainder when j is divided by 89?
87
Let z(g) be the third derivative of -23*g**4/12 + 4*g**3/3 + 22*g**2 - 2*g. Calculate the remainder when z(-3) is divided by 32.
18
Suppose 2*p - 116 = -68. Let f be p/(-30) + 3259/5. Suppose -109 = -10*v + f. What is the remainder when v is divided by 26?
24
Calculate the remainder when -10*(1480/(-25) + (-7)/1) is divided by 8.
6
Suppose 4*c - 3018 = -5*z, -2836*c = z - 2835*c - 604. What is the remainder when 665 is divided by z?
63
Let u = 14334 - 14060. What is the remainder when u is divided by 239?
35
Let b = -2445 - -2480. What is the remainder when b is divided by 13?
9
Calculate the remainder when 82 is divided by (10 + 152/(-32))/(4/16).
19
Suppose -94 + 86 = -4*t. Suppose 373 = 2*q + 6*n - n, t*q - 333 = 3*n. Let p = -47 + 82. Calculate the remainder when q is divided by p.
34
Suppose -7*k = -0*k - 1289 - 1098. Calculate the remainder when k is divided by 160.
21
Let s(o) = 24*o - 43. Let z(h) = -16*h - 167. Calculate the remainder when z(-20) is divided by s(4).
47
Let f(t) = -22*t**3 - 18*t**2 - 15*t + 1. What is the remainder when 669 is divided by f(-1)?
9
Let w = -32 - -58. Calculate the remainder when 93 is divided by (-16952)/(-338) - 4/w.
43
Let x be 44/132 + 17/3. Let v(t) = 3*t**2 - 34*t + 151. Calculate the remainder when v(x) is divided by 15.
10
Let g(w) = w**2 + 15*w + 20. Let a be g(-14). Suppose i - 2 = a. Suppose i*m + m = 873. Calculate the remainder when m is divided by 25.
22
Let g(i) = -9*i + 41. Let m be g(5). Calculate the remainder when 152 is divided by (11/m)/((-9)/72).
20
Let f(m) = -8*m - 187. Let t be f(-24). Suppose 11*x - 1470 = t*x. Calculate the remainder when x is divided by 19.
17
Suppose 2*x = 3*x - 17. Let k = 660 + -940. Let d = 343 + k. Calculate the remainder when d is divided by x.
12
Suppose b - 2*i = 62, -5*i + 27 = -96*b + 97*b. Suppose -l + w + 17 = -w, 0 = 3*l - 3*w - 48. What is the remainder when b is divided by l?
7
Calculate the remainder when 54 is divided by 2*2*(1072/(-64) - -17).
0
Let m = -296 - -319. Suppose -208 = 10*p - m*p. Calculate the remainder when 52 is divided by p.
4
Let m be (-1 + 10)/(7/399). Let p = m - 486. Calculate the remainder when 133 is divided by p.
25
Calculate the remainder when 3/(-6) - (-16)/(608/104443) is divided by 125.
123
Suppose -s - 166 = -2*k, -2*s = 2*k + s - 150. Let d = 16 - 6. Suppose 0 = 4*w - 46 - d. What is the remainder when k is divided by w?
11
Let f be ((0/(-9))/(4/2))/1. Suppose 5*v + 4*q - 99 = f, -8*v + 49 = -5*v + 5*q. Suppose -2*n + 272 = 2*n. Calculate the remainder when n is divided by v.
22
Let v = -284 - -293. Suppose v*d = 6*d + 2*u + 159, -2*d = u - 106. Calculate the remainder when d is divided by 14.
11
Let m(d) = -d**3 - 50*d**2 + 4*d + 240. What is the remainder when ((-1)/(-2))/((-2)/(-1248)) is divided by m(-50)?
32
Let v(a) = 10*a**2 - 10*a - 89. What is the remainder when v(-10) is divided by 503?
5
Calculate the remainder when 1714 is divided by (-4)/(-11) + (-380090)/(-2189).
148
Suppose -166 = -3*t + 155. Suppose -t*b + 189 = -104*b. Let r = b + -56. Calculate the remainder when 13 is divided by r.
6
Let a(w) = w**3 + 6*w**2 - 16*w - 17. Calculate the remainder when a(6) is divided by 75.
19
Let t = 4404 + -3934. Calculate the remainder when t is divided by 90.
20
What is the remainder when (93/7 - -1)/((-100)/(-1050)) is divided by 58?
34
Suppose 83 = y + 3*x + 29, y = x + 42. Suppose -4*m = 3*g - 3, 2 + 13 = -5*g. Suppose y = m*p + 6*p. What is the remainder when 12 is divided by p?
2
Suppose -5*l = 504 + 316. Let v = l + 368. Suppose 13*r = 9*r + v. Calculate the remainder when r is divided by 26.
25
Let i = -42 - -142. Suppose i - 35 = 5*f. What is the remainder when 31 is divided by f?
5
Suppose 726*r + 14000 = 766*r. What is the remainder when r is divided by 94?
68
Let b be (10/(-6)*-3)/1. Suppose b*u = -4*o + 821, o - 204 = u - 2*u. Calculate the remainder when o is divided by 20.
19
Let j(m) = m**3 - 64*m**2 + 66*m - 167. Calculate the remainder when j(63) is divided by 12.
10
Let m = 72 - 25. Suppose 4*v - 8*v + 4 = 4*z, v = 3*z - 19. What is the remainder when m is divided by (-2)/(z + (-427)/84)?
23
Suppose -4*s = -4, q + s - 5 = -0*q. Suppose q*j + r = -15 + 42, 2*j - 2*r = 6. Suppose -3*v - 165 = -j*v. Calculate the remainder when v is divided by 14.
13
Let d(u) = u**2 + 2*u - 9. What is the remainder when 1300 is divided by d(-9)?
4
Let u(i) = -16*i**3 + 385*i**2 + 36*i - 19. Calculate the remainder when 4269 is divided by u(24).
6
Let d(h) = -h**3 - 35*h**2 - 35*h - 41. Let r be d(-34). Calculate the remainder when 71 is divided by -4 - 18/(-6) - r.
5
Let p be (3/9)/((-2)/(-12)). Suppose -7*y + 140 = -p*y. What is the remainder when 8*1/52 + (-28040)/(-260) is divided by y?
24
Let k(l) = 2*l**2 + 166*l + 1381. What is the remainder when 492 is divided by k(-9)?
2
Let w be -4 + 6 - (0/2 - 0). Suppose -165 - 11 = w*l + 4*g, 0 = -3*l - 3*g - 249. Let x = l + 93. Calculate the remainder when x is divided by 8.
7
Suppose 26*p - 31*p = -2*u - 3502, 0 = 4*u + 4. What is the remainder when p is divided by 32?
28
Let a = -315 + 317. Suppose 3*m + 3 = o + 46, a*o - 90 = -5*m. What is the remainder when 60 is divided by m?
12
Suppose -3*v + 20 = 2*v. Suppose -2*j = v*o - 92, -j = -o - 16 - 24. What is the remainder when j is divided by 21?
0
Suppose -5*p = -15 - 5. Let z be (-1)/(p - (-2516)/(-628)). Suppose -2*s = -u + 2*s + 42, 4*u - 5*s - z = 0. Calcula